ndred thousands digit of 708108?
7
What is the tens digit of 554236?
3
What is the ten thousands digit of 271776?
7
What is the ten thousands digit of 1850865?
5
What is the thousands digit of 22421?
2
What is the ten thousands digit of 461038?
6
What is the hundred thousands digit of 14596784?
5
What is the units digit of 1942372?
2
What is the hundred thousands digit of 6090242?
0
What is the hundred thousands digit of 1085830?
0
What is the units digit of 204739?
9
What is the tens digit of 8067457?
5
What is the tens digit of 4078?
7
What is the hundred thousands digit of 2184844?
1
What is the tens digit of 324391?
9
What is the hundreds digit of 122602?
6
What is the tens digit of 15926558?
5
What is the units digit of 28206400?
0
What is the hundreds digit of 1175709?
7
What is the hundred thousands digit of 1352299?
3
What is the hundred thousands digit of 39810434?
8
What is the hundred thousands digit of 1093005?
0
What is the hundreds digit of 11900867?
8
What is the thousands digit of 503174?
3
What is the tens digit of 873468?
6
What is the units digit of 198427?
7
What is the hundred thousands digit of 1903252?
9
What is the thousands digit of 8475264?
5
What is the units digit of 567967?
7
What is the units digit of 428657?
7
What is the tens digit of 1584603?
0
What is the hundred thousands digit of 30096368?
0
What is the hundred thousands digit of 19466724?
4
What is the hundreds digit of 1236794?
7
What is the ten millions digit of 20426044?
2
What is the thousands digit of 131645?
1
What is the thousands digit of 440704?
0
What is the hundreds digit of 1038430?
4
What is the tens digit of 9740240?
4
What is the thousands digit of 15742498?
2
What is the hundreds digit of 5762120?
1
What is the hundred thousands digit of 111620?
1
What is the hundreds digit of 6924807?
8
What is the tens digit of 4973238?
3
What is the tens digit of 1846798?
9
What is the hundred thousands digit of 848506?
8
What is the units digit of 186419?
9
What is the tens digit of 4203460?
6
What is the tens digit of 2001472?
7
What is the thousands digit of 34008417?
8
What is the units digit of 229578?
8
What is the ten thousands digit of 217947?
1
What is the ten thousands digit of 8836532?
3
What is the units digit of 2267525?
5
What is the hundred thousands digit of 165249?
1
What is the ten thousands digit of 1796073?
9
What is the ten thousands digit of 375920?
7
What is the units digit of 381213?
3
What is the units digit of 6303609?
9
What is the millions digit of 9067621?
9
What is the tens digit of 804447?
4
What is the hundreds digit of 201766?
7
What is the millions digit of 1244691?
1
What is the ten thousands digit of 923014?
2
What is the thousands digit of 12565234?
5
What is the millions digit of 1635885?
1
What is the units digit of 388934?
4
What is the hundreds digit of 498165?
1
What is the units digit of 159430?
0
What is the hundreds digit of 2080163?
1
What is the thousands digit of 4227057?
7
What is the hundred thousands digit of 9590433?
5
What is the thousands digit of 1774262?
4
What is the hundred thousands digit of 287230?
2
What is the hundred thousands digit of 21448616?
4
What is the units digit of 3470406?
6
What is the hundred thousands digit of 416634?
4
What is the thousands digit of 3147047?
7
What is the tens digit of 86389?
8
What is the thousands digit of 6726083?
6
What is the millions digit of 14626159?
4
What is the ten thousands digit of 8101777?
0
What is the units digit of 1630422?
2
What is the tens digit of 138913?
1
What is the units digit of 6870784?
4
What is the hundreds digit of 166194?
1
What is the hundred thousands digit of 25714575?
7
What is the units digit of 30138?
8
What is the tens digit of 43118073?
7
What is the thousands digit of 195712?
5
What is the millions digit of 11319962?
1
What is the ten millions digit of 18870668?
1
What is the ten thousands digit of 2388317?
8
What is the millions digit of 1868620?
1
What is the hundreds digit of 23123?
1
What is the tens digit of 8903295?
9
What is the ten thousands digit of 1897539?
9
What is the hundred thousands digit of 1964689?
9
What is the thousands digit of 162138?
2
What is the units digit of 1211708?
8
What is the tens digit of 210410?
1
What is the millions digit of 11502570?
1
What is the hundreds digit of 7953209?
2
What is the hundreds digit of 11825060?
0
What is the hundreds digit of 18318386?
3
What is the hundreds digit of 471840?
8
What is the thousands digit of 6963098?
3
What is the thousands digit of 230459?
0
What is the hundred thousands digit of 10416058?
4
What is the ten millions digit of 18047941?
1
What is the units digit of 440755?
5
What is the units digit of 190836?
6
What is the tens digit of 2420426?
2
What is the thousands digit of 102405?
2
What is the tens digit of 945324?
2
What is the tens digit of 21247444?
4
What is the hundreds digit of 2959134?
1
What is the hundred thousands digit of 7296816?
2
What is the hundreds digit of 5541565?
5
What is the thousands digit of 376928?
6
What is the tens digit of 9026987?
8
What is the tens digit of 10545868?
6
What is the hundred thousands digit of 9871657?
8
What is the hundreds digit of 17279?
2
What is the tens digit of 1007178?
7
What is the units digit of 161824?
4
What is the hundreds digit of 956301?
3
What is the hundreds digit of 1455646?
6
What is the hundred thousands digit of 3694818?
6
What is the tens digit of 227251?
5
What is the hundred thousands digit of 2580482?
5
What is the units digit of 908717?
7
What is the ten thousands digit of 192783?
9
What is the units digit of 2297655?
5
What is the thousands digit of 384490?
4
What is the hundred thousands digit of 2647060?
6
What is the units digit of 5531?
1
What is the units digit of 534332?
2
What is the ten thousands digit of 22579825?
7
What is the ten thousands digit of 18069?
1
What is the ten thousands digit of 21330?
2
What is the tens digit of 469408?
0
What is the thousands digit of 305275?
5
What is the units digit of 2629552?
2
What is the hundreds digit of 139624?
6
What is the thousands digit of 10262766?
2
What is the units digit of 6622425?
5
What is the ten millions digit of 15474142?
1
What is the millions digit of 14947410?
4
What is the hundreds digit of 5874723?
7
What is the hundreds digit of 112313?
3
What is the ten thousands digit of 480498?
8
What is the hundred thousands digit of 4319862?
3
What is the tens digit of 489276?
7
What is the hundreds digit of 225659?
6
What is the tens digit of 830278?
7
What is the tens digit of 240336?
3
What is the hundreds digit of 1837121?
1
What is the thousands digit of 3085937?
5
What is the thousands digit of 5922492?
2
What is the ten thousands digit of 277523?
7
What is the tens digit of 340777?
7
What is the thousands digit of 152709?
2
What is the units digit of 368764?
4
What is the units digit of 4343891?
1
What is the ten thousands digit of 4765385?
6
What is the ten thousands digit of 202314?
0
What is the tens digit of 4442196?
9
What is the millions digit of 5237713?
5
What is the thousands digit of 216260?
6
What is the ten thousands digit of 29369998?
6
What is the thousands digit of 1462117?
2
What is the tens digit of 55941?
4
What is the hundred thousands digit of 1277819?
2
What is the thousands digit of 216813?
6
What is the millions digit of 2233654?
2
What is the thousands digit of 2095688?
5
What is the thousands digit of 425899?
5
What is the millions digit of 16811704?
6
What is the units digit of 7621774?
4
What is the tens digit of 410850?
5
What is the hundred thousands digit of 13307419?
3
What is the hundred thousands digit of 4892922?
8
What is the tens digit of 1471731?
3
What is the tens digit of 5566170?
7
What is the ten thousands digit of 1366869?
6
What is the units digit of 1234102?
2
What is the hundred thousands digit of 391346?
3
What is the ten thousands digit of 281865?
8
What is the units digit of 588854?
4
What is the hundred thousands digit of 205428?
2
What is the units digit of 91858?
8
What is the ten millions digit of 40873433?
4
What is the hundred thousands digit of 232268?
2
What is the hundreds digit of 37054073?
0
What is the tens digit of 9182105?
0
What is the hundred th